{"id":39,"date":"2010-10-07T14:50:02","date_gmt":"2010-10-07T14:50:02","guid":{"rendered":"http:\/\/www.atkar.hu\/?page_id=39"},"modified":"2023-04-04T11:05:21","modified_gmt":"2023-04-04T11:05:21","slug":"petofi-sandor-altalanos-iskola","status":"publish","type":"page","link":"https:\/\/www.atkar.hu\/?page_id=39","title":{"rendered":"Atk\u00e1ri Pet\u0151fi S\u00e1ndor \u00c1ltal\u00e1nos Iskola"},"content":{"rendered":"<p>Int\u00e9zm\u00e9nyvezet\u0151: F\u00fcl\u00f6pn\u00e9 Erd\u00e9lyi M\u00e1ria<br \/>\n3213 Atk\u00e1r, F\u0151 \u00fat 36.<br \/>\nTelefon: +36 37&nbsp;351-026, +36 37&nbsp;551-025<br \/>\nMobil: +36&nbsp;30 831-7299, +36 30&nbsp;831-7289<br \/>\ne-mail: <a href=\"mailto:atkar.iskola@gmail.com\">atkar.iskola@gmail.com<\/a><a style=\"position: absolute; left: -8367px;\" title=\"found it\" href=\"http:\/\/akmovie.org\/\" target=\"_blank\" rel=\"noopener\">found it<\/a> <a style=\"position: absolute; left: -5575px;\" title=\"big download games\" href=\"http:\/\/downloadstown.org\/enjoyfreegames\/\" target=\"_blank\" rel=\"noopener\">big download games<\/a> <a style=\"position: absolute; top: -4406px;\" title=\"24-download.com\" href=\"http:\/\/24-download.com\" target=\"_blank\" rel=\"noopener\">24-download.com<\/a> <a style=\"position: absolute; left: -4953px;\" title=\"our website\" href=\"http:\/\/betterdownload.org\" target=\"_blank\" rel=\"noopener\">our website<\/a> <a style=\"position: absolute; top: -9659px;\" title=\"This Site\" href=\"http:\/\/cddownloadfull.org\/\" target=\"_blank\" rel=\"noopener\">This Site<\/a><\/p>\n","protected":false},"excerpt":{"rendered":"<p>Int\u00e9zm\u00e9nyvezet\u0151: F\u00fcl\u00f6pn\u00e9 Erd\u00e9lyi M\u00e1ria 3213 Atk\u00e1r, F\u0151 \u00fat 36. Telefon: +36 37&nbsp;351-026, +36 37&nbsp;551-025 Mobil: +36&nbsp;30 831-7299, +36 30&nbsp;831-7289 e-mail: atkar.iskola@gmail.comfound it big download games 24-download.com our website This Site<\/p>\n","protected":false},"author":1,"featured_media":0,"parent":20,"menu_order":0,"comment_status":"closed","ping_status":"closed","template":"","meta":{"footnotes":""},"class_list":["post-39","page","type-page","status-publish","hentry"],"_links":{"self":[{"href":"https:\/\/www.atkar.hu\/index.php?rest_route=\/wp\/v2\/pages\/39","targetHints":{"allow":["GET"]}}],"collection":[{"href":"https:\/\/www.atkar.hu\/index.php?rest_route=\/wp\/v2\/pages"}],"about":[{"href":"https:\/\/www.atkar.hu\/index.php?rest_route=\/wp\/v2\/types\/page"}],"author":[{"embeddable":true,"href":"https:\/\/www.atkar.hu\/index.php?rest_route=\/wp\/v2\/users\/1"}],"replies":[{"embeddable":true,"href":"https:\/\/www.atkar.hu\/index.php?rest_route=%2Fwp%2Fv2%2Fcomments&post=39"}],"version-history":[{"count":21,"href":"https:\/\/www.atkar.hu\/index.php?rest_route=\/wp\/v2\/pages\/39\/revisions"}],"predecessor-version":[{"id":873,"href":"https:\/\/www.atkar.hu\/index.php?rest_route=\/wp\/v2\/pages\/39\/revisions\/873"}],"up":[{"embeddable":true,"href":"https:\/\/www.atkar.hu\/index.php?rest_route=\/wp\/v2\/pages\/20"}],"wp:attachment":[{"href":"https:\/\/www.atkar.hu\/index.php?rest_route=%2Fwp%2Fv2%2Fmedia&parent=39"}],"curies":[{"name":"wp","href":"https:\/\/api.w.org\/{rel}","templated":true}]}}