{"id":57,"date":"2011-02-07T14:54:29","date_gmt":"2011-02-07T14:54:29","guid":{"rendered":"http:\/\/www.atkar.hu\/?page_id=57"},"modified":"2025-05-06T09:03:00","modified_gmt":"2025-05-06T09:03:00","slug":"atkari-sportegyesulet","status":"publish","type":"page","link":"https:\/\/www.atkar.hu\/?page_id=57","title":{"rendered":"Atk\u00e1ri Sportegyes\u00fclet"},"content":{"rendered":"<div class=\"wp-block-image\">\n<figure class=\"aligncenter size-large is-resized\"><a href=\"https:\/\/www.atkar.hu\/wp-content\/uploads\/Atkari-SE-logo-scaled.jpg\"><img loading=\"lazy\" decoding=\"async\" width=\"782\" height=\"1024\" src=\"https:\/\/www.atkar.hu\/wp-content\/uploads\/Atkari-SE-logo-782x1024.jpg\" alt=\"\" class=\"wp-image-840\" style=\"width:166px;height:217px\" srcset=\"https:\/\/www.atkar.hu\/wp-content\/uploads\/Atkari-SE-logo-782x1024.jpg 782w, https:\/\/www.atkar.hu\/wp-content\/uploads\/Atkari-SE-logo-229x300.jpg 229w, https:\/\/www.atkar.hu\/wp-content\/uploads\/Atkari-SE-logo-768x1005.jpg 768w, https:\/\/www.atkar.hu\/wp-content\/uploads\/Atkari-SE-logo-1173x1536.jpg 1173w, https:\/\/www.atkar.hu\/wp-content\/uploads\/Atkari-SE-logo-624x817.jpg 624w, https:\/\/www.atkar.hu\/wp-content\/uploads\/Atkari-SE-logo-scaled.jpg 1956w\" sizes=\"auto, (max-width: 782px) 100vw, 782px\" \/><\/a><\/figure>\n<\/div>\n\n\n<div data-wp-interactive=\"core\/file\" class=\"wp-block-file\"><object data-wp-bind--hidden=\"!state.hasPdfPreview\" hidden class=\"wp-block-file__embed\" data=\"https:\/\/www.atkar.hu\/wp-content\/uploads\/TAO-2025-2026-mukodes-jovahagyo_hatarozat.pdf\" type=\"application\/pdf\" style=\"width:100%;height:600px\" aria-label=\"TAO-2025-2026-mukodes-jovahagyo_hatarozat be\u00e1gyaz\u00e1sa\"><\/object><a id=\"wp-block-file--media-b0b55c6d-4586-4764-a802-3628a34f4e50\" href=\"https:\/\/www.atkar.hu\/wp-content\/uploads\/TAO-2025-2026-mukodes-jovahagyo_hatarozat.pdf\">TAO-2025-2026-mukodes-jovahagyo_hatarozat<\/a><a href=\"https:\/\/www.atkar.hu\/wp-content\/uploads\/TAO-2025-2026-mukodes-jovahagyo_hatarozat.pdf\" class=\"wp-block-file__button wp-element-button\" download aria-describedby=\"wp-block-file--media-b0b55c6d-4586-4764-a802-3628a34f4e50\">Let\u00f6lt\u00e9s<\/a><\/div>\n\n\n\n<div data-wp-interactive=\"core\/file\" class=\"wp-block-file\"><object data-wp-bind--hidden=\"!state.hasPdfPreview\" hidden class=\"wp-block-file__embed\" data=\"https:\/\/www.atkar.hu\/wp-content\/uploads\/TAO-2024-2025-mukodes-palyazati_adatlap-1.pdf\" type=\"application\/pdf\" style=\"width:100%;height:600px\" aria-label=\"TAO-2024-2025-mukodes-palyazati_adatlap be\u00e1gyaz\u00e1sa\"><\/object><a id=\"wp-block-file--media-f1ca0068-189e-46fc-b599-9981144fc57f\" href=\"https:\/\/www.atkar.hu\/wp-content\/uploads\/TAO-2024-2025-mukodes-palyazati_adatlap-1.pdf\">TAO-2024-2025-mukodes-palyazati_adatlap<\/a><a href=\"https:\/\/www.atkar.hu\/wp-content\/uploads\/TAO-2024-2025-mukodes-palyazati_adatlap-1.pdf\" class=\"wp-block-file__button wp-element-button\" download aria-describedby=\"wp-block-file--media-f1ca0068-189e-46fc-b599-9981144fc57f\">Let\u00f6lt\u00e9s<\/a><\/div>\n\n\n\n<div data-wp-interactive=\"core\/file\" class=\"wp-block-file\"><object data-wp-bind--hidden=\"!state.hasPdfPreview\" hidden class=\"wp-block-file__embed\" data=\"https:\/\/www.atkar.hu\/wp-content\/uploads\/TAO-2024-2025-INGATLAN-jovahagy_hatarozat-Atkar.pdf\" type=\"application\/pdf\" style=\"width:100%;height:600px\" aria-label=\"TAO-2024-2025-INGATLAN-jovahagy_hatarozat-Atkar be\u00e1gyaz\u00e1sa\"><\/object><a id=\"wp-block-file--media-c96c0852-d888-42db-8cb7-bbd14c078e06\" href=\"https:\/\/www.atkar.hu\/wp-content\/uploads\/TAO-2024-2025-INGATLAN-jovahagy_hatarozat-Atkar.pdf\">TAO-2024-2025-INGATLAN-jovahagy_hatarozat-Atkar<\/a><a href=\"https:\/\/www.atkar.hu\/wp-content\/uploads\/TAO-2024-2025-INGATLAN-jovahagy_hatarozat-Atkar.pdf\" class=\"wp-block-file__button wp-element-button\" download aria-describedby=\"wp-block-file--media-c96c0852-d888-42db-8cb7-bbd14c078e06\">Let\u00f6lt\u00e9s<\/a><\/div>\n\n\n\n<div data-wp-interactive=\"core\/file\" class=\"wp-block-file\"><object data-wp-bind--hidden=\"!state.hasPdfPreview\" hidden class=\"wp-block-file__embed\" data=\"https:\/\/www.atkar.hu\/wp-content\/uploads\/TAO-2024-2025-INGATLAN-palyazati_adatlap-Atkar.pdf\" type=\"application\/pdf\" style=\"width:100%;height:600px\" aria-label=\"TAO-2024-2025-INGATLAN-palyazati_adatlap-Atkar be\u00e1gyaz\u00e1sa\"><\/object><a id=\"wp-block-file--media-ef810331-ad5f-4ed2-b7ab-c396b7e70df8\" href=\"https:\/\/www.atkar.hu\/wp-content\/uploads\/TAO-2024-2025-INGATLAN-palyazati_adatlap-Atkar.pdf\">TAO-2024-2025-INGATLAN-palyazati_adatlap-Atkar<\/a><a href=\"https:\/\/www.atkar.hu\/wp-content\/uploads\/TAO-2024-2025-INGATLAN-palyazati_adatlap-Atkar.pdf\" class=\"wp-block-file__button wp-element-button\" download aria-describedby=\"wp-block-file--media-ef810331-ad5f-4ed2-b7ab-c396b7e70df8\">Let\u00f6lt\u00e9s<\/a><\/div>\n\n\n\n<div data-wp-interactive=\"core\/file\" class=\"wp-block-file\"><object data-wp-bind--hidden=\"!state.hasPdfPreview\" hidden class=\"wp-block-file__embed\" data=\"https:\/\/www.atkar.hu\/wp-content\/uploads\/Kiegeszito-tamogatasi-szerzodes-Atkar-Imperial_Tobacco.pdf\" type=\"application\/pdf\" style=\"width:100%;height:600px\" aria-label=\"Kieg\u00e9sz\u00edt\u0151 t\u00e1mogat\u00e1si szerz\u0151d\u00e9s-Atkar-Imperial_Tobacco be\u00e1gyaz\u00e1sa\"><\/object><a id=\"wp-block-file--media-0b4a131e-8537-4b11-ad10-41f9c47b911a\" href=\"https:\/\/www.atkar.hu\/wp-content\/uploads\/Kiegeszito-tamogatasi-szerzodes-Atkar-Imperial_Tobacco.pdf\">Kieg\u00e9sz\u00edt\u0151 t\u00e1mogat\u00e1si szerz\u0151d\u00e9s-Atkar-Imperial_Tobacco<\/a><a href=\"https:\/\/www.atkar.hu\/wp-content\/uploads\/Kiegeszito-tamogatasi-szerzodes-Atkar-Imperial_Tobacco.pdf\" class=\"wp-block-file__button wp-element-button\" download aria-describedby=\"wp-block-file--media-0b4a131e-8537-4b11-ad10-41f9c47b911a\">Let\u00f6lt\u00e9s<\/a><\/div>\n\n\n\n<div class=\"wp-block-file\"><a id=\"wp-block-file--media-f889c054-1012-4a74-808f-22920d5bde67\" href=\"https:\/\/www.atkar.hu\/wp-content\/uploads\/Egyuttmukodesi_megallapodas-Atkar-Imperial_Tobacco.doc\">Egyuttmukodesi_megallapodas-Atkar-Imperial_Tobacco<\/a><a href=\"https:\/\/www.atkar.hu\/wp-content\/uploads\/Egyuttmukodesi_megallapodas-Atkar-Imperial_Tobacco.doc\" class=\"wp-block-file__button wp-element-button\" download aria-describedby=\"wp-block-file--media-f889c054-1012-4a74-808f-22920d5bde67\">Let\u00f6lt\u00e9s<\/a><\/div>\n\n\n\n<div data-wp-interactive=\"core\/file\" class=\"wp-block-file\"><object data-wp-bind--hidden=\"!state.hasPdfPreview\" hidden class=\"wp-block-file__embed\" data=\"https:\/\/www.atkar.hu\/wp-content\/uploads\/2555_11_24_EpEng-.pdf\" type=\"application\/pdf\" style=\"width:100%;height:600px\" aria-label=\"2555_11_24_\u00c9pEng be\u00e1gyaz\u00e1sa\"><\/object><a id=\"wp-block-file--media-cb9cef12-d592-4d5f-a337-cd09f5c49157\" href=\"https:\/\/www.atkar.hu\/wp-content\/uploads\/2555_11_24_EpEng-.pdf\">2555_11_24_\u00c9pEng<\/a><a href=\"https:\/\/www.atkar.hu\/wp-content\/uploads\/2555_11_24_EpEng-.pdf\" class=\"wp-block-file__button wp-element-button\" download aria-describedby=\"wp-block-file--media-cb9cef12-d592-4d5f-a337-cd09f5c49157\">Let\u00f6lt\u00e9s<\/a><\/div>\n\n\n\n<div data-wp-interactive=\"core\/file\" class=\"wp-block-file\"><object data-wp-bind--hidden=\"!state.hasPdfPreview\" hidden class=\"wp-block-file__embed\" data=\"https:\/\/www.atkar.hu\/wp-content\/uploads\/2555_12_24_Hirdetmeny.pdf\" type=\"application\/pdf\" style=\"width:100%;height:600px\" aria-label=\"2555_12_24_Hirdetm\u00e9ny be\u00e1gyaz\u00e1sa\"><\/object><a id=\"wp-block-file--media-fe1dc81d-154d-44ad-bb4a-af1c876cfed5\" href=\"https:\/\/www.atkar.hu\/wp-content\/uploads\/2555_12_24_Hirdetmeny.pdf\">2555_12_24_Hirdetm\u00e9ny<\/a><a href=\"https:\/\/www.atkar.hu\/wp-content\/uploads\/2555_12_24_Hirdetmeny.pdf\" class=\"wp-block-file__button wp-element-button\" download aria-describedby=\"wp-block-file--media-fe1dc81d-154d-44ad-bb4a-af1c876cfed5\">Let\u00f6lt\u00e9s<\/a><\/div>\n\n\n<div class=\"wp-block-image\">\n<figure class=\"aligncenter size-full is-resized\"><a href=\"http:\/\/www.atkar.hu\/wp-content\/uploads\/Palyazati.jpg\"><img loading=\"lazy\" decoding=\"async\" width=\"557\" height=\"790\" src=\"http:\/\/www.atkar.hu\/wp-content\/uploads\/Palyazati.jpg\" alt=\"\" class=\"wp-image-868\" style=\"width:386px;height:547px\" srcset=\"https:\/\/www.atkar.hu\/wp-content\/uploads\/Palyazati.jpg 557w, https:\/\/www.atkar.hu\/wp-content\/uploads\/Palyazati-212x300.jpg 212w\" sizes=\"auto, (max-width: 557px) 100vw, 557px\" \/><\/a><\/figure>\n<\/div>\n\n<div class=\"wp-block-image\">\n<figure class=\"aligncenter size-full is-resized\"><a href=\"https:\/\/www.atkar.hu\/wp-content\/uploads\/Bethlen-Gabor-Alapkezelo-Zrt-1.jpg\"><img loading=\"lazy\" decoding=\"async\" width=\"714\" height=\"680\" src=\"https:\/\/www.atkar.hu\/wp-content\/uploads\/Bethlen-Gabor-Alapkezelo-Zrt-1.jpg\" alt=\"\" class=\"wp-image-870\" style=\"width:383px;height:364px\" srcset=\"https:\/\/www.atkar.hu\/wp-content\/uploads\/Bethlen-Gabor-Alapkezelo-Zrt-1.jpg 714w, https:\/\/www.atkar.hu\/wp-content\/uploads\/Bethlen-Gabor-Alapkezelo-Zrt-1-300x286.jpg 300w, https:\/\/www.atkar.hu\/wp-content\/uploads\/Bethlen-Gabor-Alapkezelo-Zrt-1-624x594.jpg 624w\" sizes=\"auto, (max-width: 714px) 100vw, 714px\" \/><\/a><\/figure>\n<\/div>\n\n\n<div data-wp-interactive=\"core\/file\" class=\"wp-block-file\"><object data-wp-bind--hidden=\"!state.hasPdfPreview\" hidden class=\"wp-block-file__embed\" data=\"https:\/\/www.atkar.hu\/wp-content\/uploads\/TAO-2024-2025-mukodes-palyazati_adatlap.pdf\" type=\"application\/pdf\" style=\"width:100%;height:600px\" aria-label=\"TAO-2024-2025-mukodes-palyazati_adatlap be\u00e1gyaz\u00e1sa\"><\/object><a id=\"wp-block-file--media-6051bf05-c47c-4b3a-9859-2e04ada06376\" href=\"https:\/\/www.atkar.hu\/wp-content\/uploads\/TAO-2024-2025-mukodes-palyazati_adatlap.pdf\">TAO-2024-2025-mukodes-palyazati_adatlap<\/a><a href=\"https:\/\/www.atkar.hu\/wp-content\/uploads\/TAO-2024-2025-mukodes-palyazati_adatlap.pdf\" class=\"wp-block-file__button wp-element-button\" download aria-describedby=\"wp-block-file--media-6051bf05-c47c-4b3a-9859-2e04ada06376\">Let\u00f6lt\u00e9s<\/a><\/div>\n\n\n\n<div data-wp-interactive=\"core\/file\" class=\"wp-block-file\"><object data-wp-bind--hidden=\"!state.hasPdfPreview\" hidden class=\"wp-block-file__embed\" data=\"https:\/\/www.atkar.hu\/wp-content\/uploads\/TAO-2024-2025-mukodes-jovahagyo_hatarozat.pdf\" type=\"application\/pdf\" style=\"width:100%;height:600px\" aria-label=\"TAO-2024-2025-mukodes-jovahagyo_hatarozat be\u00e1gyaz\u00e1sa\"><\/object><a id=\"wp-block-file--media-22f9f631-7412-4104-a773-5810286f1a93\" href=\"https:\/\/www.atkar.hu\/wp-content\/uploads\/TAO-2024-2025-mukodes-jovahagyo_hatarozat.pdf\">TAO-2024-2025-mukodes-jovahagyo_hatarozat<\/a><a href=\"https:\/\/www.atkar.hu\/wp-content\/uploads\/TAO-2024-2025-mukodes-jovahagyo_hatarozat.pdf\" class=\"wp-block-file__button wp-element-button\" download aria-describedby=\"wp-block-file--media-22f9f631-7412-4104-a773-5810286f1a93\">Let\u00f6lt\u00e9s<\/a><\/div>\n\n\n\n<div data-wp-interactive=\"core\/file\" class=\"wp-block-file\"><object data-wp-bind--hidden=\"!state.hasPdfPreview\" hidden class=\"wp-block-file__embed\" data=\"https:\/\/www.atkar.hu\/wp-content\/uploads\/TAO-2023-2024-jovahagyo_hatarozat-Atkar-MUKODESI_PALYAZAT.pdf\" type=\"application\/pdf\" style=\"width:100%;height:600px\" aria-label=\"TAO-2023-2024-jovahagyo_hatarozat-Atkar-MUKODESI_PALYAZAT be\u00e1gyaz\u00e1sa\"><\/object><a id=\"wp-block-file--media-8afca9a2-7eb0-4501-9a37-9b88669a69c5\" href=\"https:\/\/www.atkar.hu\/wp-content\/uploads\/TAO-2023-2024-jovahagyo_hatarozat-Atkar-MUKODESI_PALYAZAT.pdf\">TAO-2023-2024-jovahagyo_hatarozat-Atkar-MUKODESI_PALYAZAT<\/a><a href=\"https:\/\/www.atkar.hu\/wp-content\/uploads\/TAO-2023-2024-jovahagyo_hatarozat-Atkar-MUKODESI_PALYAZAT.pdf\" class=\"wp-block-file__button wp-element-button\" download aria-describedby=\"wp-block-file--media-8afca9a2-7eb0-4501-9a37-9b88669a69c5\">Let\u00f6lt\u00e9s<\/a><\/div>\n\n\n\n<div data-wp-interactive=\"core\/file\" class=\"wp-block-file\"><object data-wp-bind--hidden=\"!state.hasPdfPreview\" hidden class=\"wp-block-file__embed\" data=\"https:\/\/www.atkar.hu\/wp-content\/uploads\/TAO-2023-2024-palyazati_adatlap-Atkar-MUKODESI_PALYAZAT.pdf\" type=\"application\/pdf\" style=\"width:100%;height:600px\" aria-label=\"TAO-2023-2024-palyazati_adatlap-Atkar-MUKODESI_PALYAZAT be\u00e1gyaz\u00e1sa\"><\/object><a id=\"wp-block-file--media-27a1a16c-af2f-4e0d-b2bb-5cd54a68bdcb\" href=\"https:\/\/www.atkar.hu\/wp-content\/uploads\/TAO-2023-2024-palyazati_adatlap-Atkar-MUKODESI_PALYAZAT.pdf\">TAO-2023-2024-palyazati_adatlap-Atkar-MUKODESI_PALYAZAT<\/a><a href=\"https:\/\/www.atkar.hu\/wp-content\/uploads\/TAO-2023-2024-palyazati_adatlap-Atkar-MUKODESI_PALYAZAT.pdf\" class=\"wp-block-file__button wp-element-button\" download aria-describedby=\"wp-block-file--media-27a1a16c-af2f-4e0d-b2bb-5cd54a68bdcb\">Let\u00f6lt\u00e9s<\/a><\/div>\n\n\n\n<div class=\"wp-block-file\"><a id=\"wp-block-file--media-889c452c-cc78-4014-94b4-e4b63ab1f6f3\" href=\"https:\/\/www.atkar.hu\/wp-content\/uploads\/TAO-2022-2023-palyazati_adatlap-Atkar-INGATLAN_PALYAZAT.pdf\">TAO-2022-2023-palyazati_adatlap-Atkar-INGATLAN_PALYAZAT<\/a><a href=\"https:\/\/www.atkar.hu\/wp-content\/uploads\/TAO-2022-2023-palyazati_adatlap-Atkar-INGATLAN_PALYAZAT.pdf\" class=\"wp-block-file__button wp-element-button\" download aria-describedby=\"wp-block-file--media-889c452c-cc78-4014-94b4-e4b63ab1f6f3\">Let\u00f6lt\u00e9s<\/a><\/div>\n\n\n\n<div class=\"wp-block-file\"><a id=\"wp-block-file--media-00697ea4-cff8-4b56-9d13-5817e958cd6c\" href=\"https:\/\/www.atkar.hu\/wp-content\/uploads\/TAO-2022-2023-jovahagyo_hatarozat-Atkar-INGATLAN_PALYAZAT.pdf\">TAO-2022-2023-jovahagyo_hatarozat-Atkar-INGATLAN_PALYAZAT<\/a><a href=\"https:\/\/www.atkar.hu\/wp-content\/uploads\/TAO-2022-2023-jovahagyo_hatarozat-Atkar-INGATLAN_PALYAZAT.pdf\" class=\"wp-block-file__button wp-element-button\" download aria-describedby=\"wp-block-file--media-00697ea4-cff8-4b56-9d13-5817e958cd6c\">Let\u00f6lt\u00e9s<\/a><\/div>\n\n\n\n<div class=\"wp-block-file\"><a id=\"wp-block-file--media-2902028e-da37-4559-a884-494ce6509a2d\" href=\"https:\/\/www.atkar.hu\/wp-content\/uploads\/FCA-KP-1-2021_3-000280-palyazati-dontes.pdf\">FCA-KP-1-2021_3-000280-palyazati-dontes<\/a><a href=\"https:\/\/www.atkar.hu\/wp-content\/uploads\/FCA-KP-1-2021_3-000280-palyazati-dontes.pdf\" class=\"wp-block-file__button wp-element-button\" download aria-describedby=\"wp-block-file--media-2902028e-da37-4559-a884-494ce6509a2d\">Let\u00f6lt\u00e9s<\/a><\/div>\n\n\n\n<div class=\"wp-block-file\"><a id=\"wp-block-file--media-d39b08b3-205d-4600-a62b-83e204f01649\" href=\"https:\/\/www.atkar.hu\/wp-content\/uploads\/FCA-KP-1-2022_4-000191_tamogato-hatarozat.pdf\">FCA-KP-1-2022_4-000191_tamogato-hatarozat<\/a><a href=\"https:\/\/www.atkar.hu\/wp-content\/uploads\/FCA-KP-1-2022_4-000191_tamogato-hatarozat.pdf\" class=\"wp-block-file__button wp-element-button\" download aria-describedby=\"wp-block-file--media-d39b08b3-205d-4600-a62b-83e204f01649\">Let\u00f6lt\u00e9s<\/a><\/div>\n\n\n\n<div class=\"wp-block-file\"><a id=\"wp-block-file--media-650cbe3d-541e-4adb-b855-02d528ebf1c8\" href=\"https:\/\/www.atkar.hu\/wp-content\/uploads\/SFP-2022-2023-jovahagyo-Atkar.pdf\">SFP-2022-2023-jovahagyo-Atkar<\/a><a href=\"https:\/\/www.atkar.hu\/wp-content\/uploads\/SFP-2022-2023-jovahagyo-Atkar.pdf\" class=\"wp-block-file__button wp-element-button\" download aria-describedby=\"wp-block-file--media-650cbe3d-541e-4adb-b855-02d528ebf1c8\">Let\u00f6lt\u00e9s<\/a><\/div>\n\n\n\n<div class=\"wp-block-file\"><a id=\"wp-block-file--media-165b41c0-8608-420d-aa25-bdcd307cc268\" href=\"https:\/\/www.atkar.hu\/wp-content\/uploads\/SFP-2022-2023-palyazat-Atkar.pdf\">SFP-2022-2023-palyazat-Atkar<\/a><a href=\"https:\/\/www.atkar.hu\/wp-content\/uploads\/SFP-2022-2023-palyazat-Atkar.pdf\" class=\"wp-block-file__button wp-element-button\" download aria-describedby=\"wp-block-file--media-165b41c0-8608-420d-aa25-bdcd307cc268\">Let\u00f6lt\u00e9s<\/a><\/div>\n\n\n<div class=\"wp-block-image\">\n<figure class=\"aligncenter size-full\"><a href=\"https:\/\/www.atkar.hu\/wp-content\/uploads\/ASE_kotelezo-nyilvanossag-biztositasa-honlapra.jpg\"><img loading=\"lazy\" decoding=\"async\" width=\"554\" height=\"783\" src=\"https:\/\/www.atkar.hu\/wp-content\/uploads\/ASE_kotelezo-nyilvanossag-biztositasa-honlapra.jpg\" alt=\"\" class=\"wp-image-834\" srcset=\"https:\/\/www.atkar.hu\/wp-content\/uploads\/ASE_kotelezo-nyilvanossag-biztositasa-honlapra.jpg 554w, https:\/\/www.atkar.hu\/wp-content\/uploads\/ASE_kotelezo-nyilvanossag-biztositasa-honlapra-212x300.jpg 212w\" sizes=\"auto, (max-width: 554px) 100vw, 554px\" \/><\/a><\/figure>\n<\/div>\n\n\n<div class=\"wp-block-file\"><a id=\"wp-block-file--media-c6b8985f-5c14-4443-a3c1-e18405554a76\" href=\"https:\/\/www.atkar.hu\/wp-content\/uploads\/veg_elfogado_003_26481_2018_mlsz_2021-11-12_1636712189_1637143370.pdf\">veg_elfogado_003_26481_2018_mlsz_2021-11-12_1636712189_1637143370<\/a><a href=\"https:\/\/www.atkar.hu\/wp-content\/uploads\/veg_elfogado_003_26481_2018_mlsz_2021-11-12_1636712189_1637143370.pdf\" class=\"wp-block-file__button wp-element-button\" download aria-describedby=\"wp-block-file--media-c6b8985f-5c14-4443-a3c1-e18405554a76\">Let\u00f6lt\u00e9s<\/a><\/div>\n\n\n\n<div class=\"wp-block-file\"><a id=\"wp-block-file--media-6a735ef9-db86-4d8b-9b55-e73d1f8daa01\" href=\"https:\/\/www.atkar.hu\/wp-content\/uploads\/zaro_elfogado_001_26481_2018_mlsz_2021-11-12_1636710898_1637143388.pdf\">zaro_elfogado_001_26481_2018_mlsz_2021-11-12_1636710898_1637143388<\/a><a href=\"https:\/\/www.atkar.hu\/wp-content\/uploads\/zaro_elfogado_001_26481_2018_mlsz_2021-11-12_1636710898_1637143388.pdf\" class=\"wp-block-file__button wp-element-button\" download aria-describedby=\"wp-block-file--media-6a735ef9-db86-4d8b-9b55-e73d1f8daa01\">Let\u00f6lt\u00e9s<\/a><\/div>\n\n\n\n<div class=\"wp-block-file\"><a id=\"wp-block-file--media-5194bbc0-527e-4523-a1b3-18e51ed71a2e\" href=\"https:\/\/www.atkar.hu\/wp-content\/uploads\/zaro_elfogado_002_26481_2018_mlsz_2021-11-12_1636711264_1637143380.pdf\">zaro_elfogado_002_26481_2018_mlsz_2021-11-12_1636711264_1637143380<\/a><a href=\"https:\/\/www.atkar.hu\/wp-content\/uploads\/zaro_elfogado_002_26481_2018_mlsz_2021-11-12_1636711264_1637143380.pdf\" class=\"wp-block-file__button wp-element-button\" download aria-describedby=\"wp-block-file--media-5194bbc0-527e-4523-a1b3-18e51ed71a2e\">Let\u00f6lt\u00e9s<\/a><\/div>\n\n\n\n<div class=\"wp-block-file\"><a id=\"wp-block-file--media-b5c0bea0-b2c3-4bc6-bced-616d96ced8e9\" href=\"https:\/\/www.atkar.hu\/wp-content\/uploads\/SFP-2021-2022-jovahagyo-Atkar.pdf\">SFP-2021-2022-jovahagyo-Atkar<\/a><a href=\"https:\/\/www.atkar.hu\/wp-content\/uploads\/SFP-2021-2022-jovahagyo-Atkar.pdf\" class=\"wp-block-file__button wp-element-button\" download aria-describedby=\"wp-block-file--media-b5c0bea0-b2c3-4bc6-bced-616d96ced8e9\">Let\u00f6lt\u00e9s<\/a><\/div>\n\n\n\n<div class=\"wp-block-file\"><a id=\"wp-block-file--media-c5722d77-7a2c-47e8-ad8c-b228c6a78278\" href=\"https:\/\/www.atkar.hu\/wp-content\/uploads\/SFP-2021-2022-palyazat-Atkar.pdf\">SFP-2021-2022-palyazat-Atkar<\/a><a href=\"https:\/\/www.atkar.hu\/wp-content\/uploads\/SFP-2021-2022-palyazat-Atkar.pdf\" class=\"wp-block-file__button wp-element-button\" download aria-describedby=\"wp-block-file--media-c5722d77-7a2c-47e8-ad8c-b228c6a78278\">Let\u00f6lt\u00e9s<\/a><\/div>\n\n\n\n<div class=\"wp-block-file\"><a id=\"wp-block-file--media-dd035a02-495e-49f2-994b-f54ada7c0ae9\" href=\"http:\/\/www.atkar.hu\/wp-content\/uploads\/sfp_m\u00f3dos\u00edt\u00f3_j\u00f3v\u00e1hagy\u00f3-hat_33481_2019_mlsz_2020-06-25.pdf\">SFP_m\u00f3dos\u00edt\u00f3_j\u00f3v\u00e1hagy\u00f3 hat_33481_2019_mlsz_2020-06-25<\/a><a href=\"http:\/\/www.atkar.hu\/wp-content\/uploads\/sfp_m\u00f3dos\u00edt\u00f3_j\u00f3v\u00e1hagy\u00f3-hat_33481_2019_mlsz_2020-06-25.pdf\" class=\"wp-block-file__button wp-element-button\" download aria-describedby=\"wp-block-file--media-dd035a02-495e-49f2-994b-f54ada7c0ae9\">Let\u00f6lt\u00e9s<\/a><\/div>\n\n\n\n<div class=\"wp-block-file\"><a id=\"wp-block-file--media-3993a675-19f0-4c3e-888c-c10a32bbdcf8\" href=\"http:\/\/www.atkar.hu\/wp-content\/uploads\/SFP-2020-2021-p\u00e1ly\u00e1zat-Atk\u00e1r.pdf\">SFP-2020-2021-p\u00e1ly\u00e1zat-Atk\u00e1r<\/a><a href=\"http:\/\/www.atkar.hu\/wp-content\/uploads\/SFP-2020-2021-p\u00e1ly\u00e1zat-Atk\u00e1r.pdf\" class=\"wp-block-file__button wp-element-button\" download aria-describedby=\"wp-block-file--media-3993a675-19f0-4c3e-888c-c10a32bbdcf8\">Let\u00f6lt\u00e9s<\/a><\/div>\n\n\n\n<div class=\"wp-block-file\"><a id=\"wp-block-file--media-ddd4d83e-ee63-40ce-991d-417a016ef158\" href=\"http:\/\/www.atkar.hu\/wp-content\/uploads\/SFP-2020-2021-j\u00f3v\u00e1hagy\u00f3-Atk\u00e1r.pdf\">SFP-2020-2021-j\u00f3v\u00e1hagy\u00f3-Atk\u00e1r<\/a><a href=\"http:\/\/www.atkar.hu\/wp-content\/uploads\/SFP-2020-2021-j\u00f3v\u00e1hagy\u00f3-Atk\u00e1r.pdf\" class=\"wp-block-file__button wp-element-button\" download aria-describedby=\"wp-block-file--media-ddd4d83e-ee63-40ce-991d-417a016ef158\">Let\u00f6lt\u00e9s<\/a><\/div>\n\n\n\n<div class=\"wp-block-file\"><a id=\"wp-block-file--media-6c94be5d-7ca8-4856-8d68-e021385d0905\" href=\"http:\/\/www.atkar.hu\/wp-content\/uploads\/20481-mlsz-V\u00e9gelsz\u00e1mol\u00e1si-hat\u00e1rozat.pdf\">20481 mlsz V\u00e9gelsz\u00e1mol\u00e1si hat\u00e1rozat<\/a><a href=\"http:\/\/www.atkar.hu\/wp-content\/uploads\/20481-mlsz-V\u00e9gelsz\u00e1mol\u00e1si-hat\u00e1rozat.pdf\" class=\"wp-block-file__button wp-element-button\" download aria-describedby=\"wp-block-file--media-6c94be5d-7ca8-4856-8d68-e021385d0905\">Let\u00f6lt\u00e9s<\/a><\/div>\n\n\n\n<div class=\"wp-block-file\"><a id=\"wp-block-file--media-56a9c8f7-1bf7-40bc-b424-d39f2ae823dc\" href=\"http:\/\/www.atkar.hu\/wp-content\/uploads\/SFP-2019-2020-p\u00e1ly\u00e1zat-Atk\u00e1r.pdf\">SFP-2019-2020-p\u00e1ly\u00e1zat-Atk\u00e1r<\/a><a href=\"http:\/\/www.atkar.hu\/wp-content\/uploads\/SFP-2019-2020-p\u00e1ly\u00e1zat-Atk\u00e1r.pdf\" class=\"wp-block-file__button wp-element-button\" download aria-describedby=\"wp-block-file--media-56a9c8f7-1bf7-40bc-b424-d39f2ae823dc\">Let\u00f6lt\u00e9s<\/a><\/div>\n\n\n\n<div class=\"wp-block-file\"><a id=\"wp-block-file--media-60bc739d-f501-4aea-8c14-62b27bc1a5d2\" href=\"http:\/\/www.atkar.hu\/wp-content\/uploads\/ATK\u00c1R-SE-hosszabbitast-jovahagyo-hatarozat_1567521936.pdf\">ATK\u00c1R SE hosszabbitast-jovahagyo-hatarozat_1567521936<\/a><a href=\"http:\/\/www.atkar.hu\/wp-content\/uploads\/ATK\u00c1R-SE-hosszabbitast-jovahagyo-hatarozat_1567521936.pdf\" class=\"wp-block-file__button wp-element-button\" download aria-describedby=\"wp-block-file--media-60bc739d-f501-4aea-8c14-62b27bc1a5d2\">Let\u00f6lt\u00e9s<\/a><\/div>\n\n\n\n<div class=\"wp-block-file\"><a id=\"wp-block-file--media-d24a4882-5567-48cd-a332-1725bbe363a8\" href=\"http:\/\/www.atkar.hu\/wp-content\/uploads\/SFP-2019-2020-j\u00f3v\u00e1hagy\u00f3-Atk\u00e1r.pdf\">SFP-2019-2020-j\u00f3v\u00e1hagy\u00f3-Atk\u00e1r<\/a><a href=\"http:\/\/www.atkar.hu\/wp-content\/uploads\/SFP-2019-2020-j\u00f3v\u00e1hagy\u00f3-Atk\u00e1r.pdf\" class=\"wp-block-file__button wp-element-button\" download aria-describedby=\"wp-block-file--media-d24a4882-5567-48cd-a332-1725bbe363a8\">Let\u00f6lt\u00e9s<\/a><\/div>\n\n\n<p><a href=\"http:\/\/www.atkar.hu\/wp-content\/uploads\/sfp_kerelem_26481_2018.pdf\">sfp_kerelem_26481_2018<\/a><\/p>\n<p><a href=\"http:\/\/www.atkar.hu\/wp-content\/uploads\/sfpjovahagyohatarozat_2018.pdf\">sfpjovahagyohatarozat_2018<\/a><\/p>\n<\/p>\n<p><a href=\"http:\/\/www.atkar.hu\/wp-content\/uploads\/sfp_kerelem_20481_2017-09-25_.pdf\">sfp_kerelem_20481_2017-09-25_<\/a><\/p>\n<p><a href=\"http:\/\/www.atkar.hu\/wp-content\/uploads\/sfpjovahagyohatarozat_2017.pdf\">sfpjovahagyohatarozat_2017<\/a><\/p>\n<\/p>","protected":false},"excerpt":{"rendered":"<p>sfp_kerelem_26481_2018 sfpjovahagyohatarozat_2018 sfp_kerelem_20481_2017-09-25_ sfpjovahagyohatarozat_2017<\/p>\n","protected":false},"author":1,"featured_media":0,"parent":22,"menu_order":0,"comment_status":"closed","ping_status":"closed","template":"","meta":{"footnotes":""},"class_list":["post-57","page","type-page","status-publish","hentry"],"_links":{"self":[{"href":"https:\/\/www.atkar.hu\/index.php?rest_route=\/wp\/v2\/pages\/57","targetHints":{"allow":["GET"]}}],"collection":[{"href":"https:\/\/www.atkar.hu\/index.php?rest_route=\/wp\/v2\/pages"}],"about":[{"href":"https:\/\/www.atkar.hu\/index.php?rest_route=\/wp\/v2\/types\/page"}],"author":[{"embeddable":true,"href":"https:\/\/www.atkar.hu\/index.php?rest_route=\/wp\/v2\/users\/1"}],"replies":[{"embeddable":true,"href":"https:\/\/www.atkar.hu\/index.php?rest_route=%2Fwp%2Fv2%2Fcomments&post=57"}],"version-history":[{"count":28,"href":"https:\/\/www.atkar.hu\/index.php?rest_route=\/wp\/v2\/pages\/57\/revisions"}],"predecessor-version":[{"id":1050,"href":"https:\/\/www.atkar.hu\/index.php?rest_route=\/wp\/v2\/pages\/57\/revisions\/1050"}],"up":[{"embeddable":true,"href":"https:\/\/www.atkar.hu\/index.php?rest_route=\/wp\/v2\/pages\/22"}],"wp:attachment":[{"href":"https:\/\/www.atkar.hu\/index.php?rest_route=%2Fwp%2Fv2%2Fmedia&parent=57"}],"curies":[{"name":"wp","href":"https:\/\/api.w.org\/{rel}","templated":true}]}}