{"id":59,"date":"2011-02-07T14:54:53","date_gmt":"2011-02-07T14:54:53","guid":{"rendered":"http:\/\/www.atkar.hu\/?page_id=59"},"modified":"2024-11-05T09:52:43","modified_gmt":"2024-11-05T09:52:43","slug":"nyugdijas-es-hagyomanyorzo-egyesulet","status":"publish","type":"page","link":"https:\/\/www.atkar.hu\/?page_id=59","title":{"rendered":"Atk\u00e1ri Nyugd\u00edjas \u00e9s Hagyom\u00e1ny\u0151rz\u0151 Egyes\u00fclet"},"content":{"rendered":"\n<figure class=\"wp-block-image size-large\"><a href=\"https:\/\/www.atkar.hu\/wp-content\/uploads\/kenyerszentelo_2024.jpg\"><img loading=\"lazy\" decoding=\"async\" width=\"1024\" height=\"684\" src=\"https:\/\/www.atkar.hu\/wp-content\/uploads\/kenyerszentelo_2024-1024x684.jpg\" alt=\"\" class=\"wp-image-1027\" srcset=\"https:\/\/www.atkar.hu\/wp-content\/uploads\/kenyerszentelo_2024-1024x684.jpg 1024w, https:\/\/www.atkar.hu\/wp-content\/uploads\/kenyerszentelo_2024-300x200.jpg 300w, https:\/\/www.atkar.hu\/wp-content\/uploads\/kenyerszentelo_2024-768x513.jpg 768w, https:\/\/www.atkar.hu\/wp-content\/uploads\/kenyerszentelo_2024-1536x1025.jpg 1536w, https:\/\/www.atkar.hu\/wp-content\/uploads\/kenyerszentelo_2024-624x417.jpg 624w, https:\/\/www.atkar.hu\/wp-content\/uploads\/kenyerszentelo_2024.jpg 2048w\" sizes=\"auto, (max-width: 1024px) 100vw, 1024px\" \/><\/a><\/figure>\n\n\n\n<figure class=\"wp-block-image size-large\"><a href=\"https:\/\/www.atkar.hu\/wp-content\/uploads\/Advent_2023.jpg\"><img loading=\"lazy\" decoding=\"async\" width=\"1024\" height=\"683\" src=\"https:\/\/www.atkar.hu\/wp-content\/uploads\/Advent_2023-1024x683.jpg\" alt=\"\" class=\"wp-image-1026\" srcset=\"https:\/\/www.atkar.hu\/wp-content\/uploads\/Advent_2023-1024x683.jpg 1024w, https:\/\/www.atkar.hu\/wp-content\/uploads\/Advent_2023-300x200.jpg 300w, https:\/\/www.atkar.hu\/wp-content\/uploads\/Advent_2023-768x512.jpg 768w, https:\/\/www.atkar.hu\/wp-content\/uploads\/Advent_2023-1536x1024.jpg 1536w, https:\/\/www.atkar.hu\/wp-content\/uploads\/Advent_2023-624x416.jpg 624w, https:\/\/www.atkar.hu\/wp-content\/uploads\/Advent_2023.jpg 2048w\" sizes=\"auto, (max-width: 1024px) 100vw, 1024px\" \/><\/a><\/figure>\n\n\n\n<figure class=\"wp-block-image size-large\"><a href=\"https:\/\/www.atkar.hu\/wp-content\/uploads\/ovisokkal_husvetolas_2023.jpg\"><img loading=\"lazy\" decoding=\"async\" width=\"768\" height=\"1024\" src=\"https:\/\/www.atkar.hu\/wp-content\/uploads\/ovisokkal_husvetolas_2023-768x1024.jpg\" alt=\"\" class=\"wp-image-1025\" srcset=\"https:\/\/www.atkar.hu\/wp-content\/uploads\/ovisokkal_husvetolas_2023-768x1024.jpg 768w, https:\/\/www.atkar.hu\/wp-content\/uploads\/ovisokkal_husvetolas_2023-225x300.jpg 225w, https:\/\/www.atkar.hu\/wp-content\/uploads\/ovisokkal_husvetolas_2023-1152x1536.jpg 1152w, https:\/\/www.atkar.hu\/wp-content\/uploads\/ovisokkal_husvetolas_2023-624x832.jpg 624w, https:\/\/www.atkar.hu\/wp-content\/uploads\/ovisokkal_husvetolas_2023.jpg 1536w\" sizes=\"auto, (max-width: 768px) 100vw, 768px\" \/><\/a><\/figure>\n\n\n\n<figure class=\"wp-block-image size-large\"><a href=\"https:\/\/www.atkar.hu\/wp-content\/uploads\/2022_Heves-Arany.jpeg\"><img loading=\"lazy\" decoding=\"async\" width=\"1024\" height=\"681\" src=\"https:\/\/www.atkar.hu\/wp-content\/uploads\/2022_Heves-Arany-1024x681.jpeg\" alt=\"\" class=\"wp-image-1024\" srcset=\"https:\/\/www.atkar.hu\/wp-content\/uploads\/2022_Heves-Arany-1024x681.jpeg 1024w, https:\/\/www.atkar.hu\/wp-content\/uploads\/2022_Heves-Arany-300x200.jpeg 300w, https:\/\/www.atkar.hu\/wp-content\/uploads\/2022_Heves-Arany-768x511.jpeg 768w, https:\/\/www.atkar.hu\/wp-content\/uploads\/2022_Heves-Arany-1536x1022.jpeg 1536w, https:\/\/www.atkar.hu\/wp-content\/uploads\/2022_Heves-Arany-624x415.jpeg 624w, https:\/\/www.atkar.hu\/wp-content\/uploads\/2022_Heves-Arany.jpeg 2048w\" sizes=\"auto, (max-width: 1024px) 100vw, 1024px\" \/><\/a><\/figure>\n\n\n\n<figure class=\"wp-block-image size-large\"><a href=\"https:\/\/www.atkar.hu\/wp-content\/uploads\/Cserkeszollo_2020.jpg\"><img loading=\"lazy\" decoding=\"async\" width=\"1024\" height=\"557\" src=\"https:\/\/www.atkar.hu\/wp-content\/uploads\/Cserkeszollo_2020-1024x557.jpg\" alt=\"\" class=\"wp-image-1023\" srcset=\"https:\/\/www.atkar.hu\/wp-content\/uploads\/Cserkeszollo_2020-1024x557.jpg 1024w, https:\/\/www.atkar.hu\/wp-content\/uploads\/Cserkeszollo_2020-300x163.jpg 300w, https:\/\/www.atkar.hu\/wp-content\/uploads\/Cserkeszollo_2020-768x418.jpg 768w, https:\/\/www.atkar.hu\/wp-content\/uploads\/Cserkeszollo_2020-624x340.jpg 624w, https:\/\/www.atkar.hu\/wp-content\/uploads\/Cserkeszollo_2020.jpg 1299w\" sizes=\"auto, (max-width: 1024px) 100vw, 1024px\" \/><\/a><\/figure>\n\n\n\n<figure class=\"wp-block-image size-large\"><a href=\"https:\/\/www.atkar.hu\/wp-content\/uploads\/Aranypavadij.jpg\"><img loading=\"lazy\" decoding=\"async\" width=\"744\" height=\"1024\" src=\"https:\/\/www.atkar.hu\/wp-content\/uploads\/Aranypavadij-744x1024.jpg\" alt=\"\" class=\"wp-image-1022\" srcset=\"https:\/\/www.atkar.hu\/wp-content\/uploads\/Aranypavadij-744x1024.jpg 744w, https:\/\/www.atkar.hu\/wp-content\/uploads\/Aranypavadij-218x300.jpg 218w, https:\/\/www.atkar.hu\/wp-content\/uploads\/Aranypavadij-768x1057.jpg 768w, https:\/\/www.atkar.hu\/wp-content\/uploads\/Aranypavadij-1117x1536.jpg 1117w, https:\/\/www.atkar.hu\/wp-content\/uploads\/Aranypavadij-624x858.jpg 624w, https:\/\/www.atkar.hu\/wp-content\/uploads\/Aranypavadij.jpg 1275w\" sizes=\"auto, (max-width: 744px) 100vw, 744px\" \/><\/a><\/figure>\n\n\n\n<figure class=\"wp-block-image size-full\"><a href=\"https:\/\/www.atkar.hu\/wp-content\/uploads\/AranyPava-Nagydij_2019.jpg\"><img loading=\"lazy\" decoding=\"async\" width=\"960\" height=\"720\" src=\"https:\/\/www.atkar.hu\/wp-content\/uploads\/AranyPava-Nagydij_2019.jpg\" alt=\"\" class=\"wp-image-1021\" srcset=\"https:\/\/www.atkar.hu\/wp-content\/uploads\/AranyPava-Nagydij_2019.jpg 960w, https:\/\/www.atkar.hu\/wp-content\/uploads\/AranyPava-Nagydij_2019-300x225.jpg 300w, https:\/\/www.atkar.hu\/wp-content\/uploads\/AranyPava-Nagydij_2019-768x576.jpg 768w, https:\/\/www.atkar.hu\/wp-content\/uploads\/AranyPava-Nagydij_2019-624x468.jpg 624w\" sizes=\"auto, (max-width: 960px) 100vw, 960px\" \/><\/a><\/figure>\n\n\n\n<figure class=\"wp-block-image size-full\"><a href=\"https:\/\/www.atkar.hu\/wp-content\/uploads\/Gyongyos-KiMitTud_2019.jpg\"><img loading=\"lazy\" decoding=\"async\" width=\"960\" height=\"638\" src=\"https:\/\/www.atkar.hu\/wp-content\/uploads\/Gyongyos-KiMitTud_2019.jpg\" alt=\"\" class=\"wp-image-1020\" srcset=\"https:\/\/www.atkar.hu\/wp-content\/uploads\/Gyongyos-KiMitTud_2019.jpg 960w, https:\/\/www.atkar.hu\/wp-content\/uploads\/Gyongyos-KiMitTud_2019-300x199.jpg 300w, https:\/\/www.atkar.hu\/wp-content\/uploads\/Gyongyos-KiMitTud_2019-768x510.jpg 768w, https:\/\/www.atkar.hu\/wp-content\/uploads\/Gyongyos-KiMitTud_2019-624x415.jpg 624w\" sizes=\"auto, (max-width: 960px) 100vw, 960px\" \/><\/a><\/figure>\n\n\n\n<div data-wp-interactive=\"core\/file\" class=\"wp-block-file\"><object data-wp-bind--hidden=\"!state.hasPdfPreview\" hidden class=\"wp-block-file__embed\" data=\"https:\/\/www.atkar.hu\/wp-content\/uploads\/Nyhe-adatai_20240508.pdf\" type=\"application\/pdf\" style=\"width:100%;height:600px\" aria-label=\"Nyhe adatai_20240508 be\u00e1gyaz\u00e1sa\"><\/object><a id=\"wp-block-file--media-88f37ae1-dc9c-44ef-9c68-0ab03f94138a\" href=\"https:\/\/www.atkar.hu\/wp-content\/uploads\/Nyhe-adatai_20240508.pdf\">Nyhe adatai_20240508<\/a><a href=\"https:\/\/www.atkar.hu\/wp-content\/uploads\/Nyhe-adatai_20240508.pdf\" class=\"wp-block-file__button wp-element-button\" download aria-describedby=\"wp-block-file--media-88f37ae1-dc9c-44ef-9c68-0ab03f94138a\">Let\u00f6lt\u00e9s<\/a><\/div>\n\n\n\n<div data-wp-interactive=\"core\/file\" class=\"wp-block-file\"><object data-wp-bind--hidden=\"!state.hasPdfPreview\" hidden class=\"wp-block-file__embed\" data=\"https:\/\/www.atkar.hu\/wp-content\/uploads\/Kisnana_2023.pdf\" type=\"application\/pdf\" style=\"width:100%;height:600px\" aria-label=\"Kisn\u00e1na_2023 be\u00e1gyaz\u00e1sa\"><\/object><a id=\"wp-block-file--media-bb7ae0dc-0d17-4b04-a7fe-a0eb2430da7e\" href=\"https:\/\/www.atkar.hu\/wp-content\/uploads\/Kisnana_2023.pdf\">Kisn\u00e1na_2023<\/a><a href=\"https:\/\/www.atkar.hu\/wp-content\/uploads\/Kisnana_2023.pdf\" class=\"wp-block-file__button wp-element-button\" download aria-describedby=\"wp-block-file--media-bb7ae0dc-0d17-4b04-a7fe-a0eb2430da7e\">Let\u00f6lt\u00e9s<\/a><\/div>\n\n\n\n<div data-wp-interactive=\"core\/file\" class=\"wp-block-file\"><object data-wp-bind--hidden=\"!state.hasPdfPreview\" hidden class=\"wp-block-file__embed\" data=\"https:\/\/www.atkar.hu\/wp-content\/uploads\/Heves_ezust_2023.pdf\" type=\"application\/pdf\" style=\"width:100%;height:600px\" aria-label=\"Heves_ez\u00fcst_2023 be\u00e1gyaz\u00e1sa\"><\/object><a id=\"wp-block-file--media-b9b419ad-2502-4fa3-88a2-582555cc0ac9\" href=\"https:\/\/www.atkar.hu\/wp-content\/uploads\/Heves_ezust_2023.pdf\">Heves_ez\u00fcst_2023<\/a><a href=\"https:\/\/www.atkar.hu\/wp-content\/uploads\/Heves_ezust_2023.pdf\" class=\"wp-block-file__button wp-element-button\" download aria-describedby=\"wp-block-file--media-b9b419ad-2502-4fa3-88a2-582555cc0ac9\">Let\u00f6lt\u00e9s<\/a><\/div>\n\n\n\n<div data-wp-interactive=\"core\/file\" class=\"wp-block-file\"><object data-wp-bind--hidden=\"!state.hasPdfPreview\" hidden class=\"wp-block-file__embed\" data=\"https:\/\/www.atkar.hu\/wp-content\/uploads\/Heves_2022.pdf\" type=\"application\/pdf\" style=\"width:100%;height:600px\" aria-label=\"Heves_2022 be\u00e1gyaz\u00e1sa\"><\/object><a id=\"wp-block-file--media-09457717-8797-416c-89cf-6a27f7c93262\" href=\"https:\/\/www.atkar.hu\/wp-content\/uploads\/Heves_2022.pdf\">Heves_2022<\/a><a href=\"https:\/\/www.atkar.hu\/wp-content\/uploads\/Heves_2022.pdf\" class=\"wp-block-file__button wp-element-button\" download aria-describedby=\"wp-block-file--media-09457717-8797-416c-89cf-6a27f7c93262\">Let\u00f6lt\u00e9s<\/a><\/div>\n\n\n\n<div data-wp-interactive=\"core\/file\" class=\"wp-block-file\"><object data-wp-bind--hidden=\"!state.hasPdfPreview\" hidden class=\"wp-block-file__embed\" data=\"https:\/\/www.atkar.hu\/wp-content\/uploads\/Jaszapati_2021.pdf\" type=\"application\/pdf\" style=\"width:100%;height:600px\" aria-label=\"J\u00e1szap\u00e1ti_2021 be\u00e1gyaz\u00e1sa\"><\/object><a id=\"wp-block-file--media-db3e7979-ed32-41cb-8bff-217ec4bab302\" href=\"https:\/\/www.atkar.hu\/wp-content\/uploads\/Jaszapati_2021.pdf\">J\u00e1szap\u00e1ti_2021<\/a><a href=\"https:\/\/www.atkar.hu\/wp-content\/uploads\/Jaszapati_2021.pdf\" class=\"wp-block-file__button wp-element-button\" download aria-describedby=\"wp-block-file--media-db3e7979-ed32-41cb-8bff-217ec4bab302\">Let\u00f6lt\u00e9s<\/a><\/div>\n\n\n\n<div data-wp-interactive=\"core\/file\" class=\"wp-block-file\"><object data-wp-bind--hidden=\"!state.hasPdfPreview\" hidden class=\"wp-block-file__embed\" data=\"https:\/\/www.atkar.hu\/wp-content\/uploads\/ertektar_2019.pdf\" type=\"application\/pdf\" style=\"width:100%;height:600px\" aria-label=\"\u00e9rt\u00e9kt\u00e1r_2019 be\u00e1gyaz\u00e1sa\"><\/object><a id=\"wp-block-file--media-39f39686-db7f-46e5-afbb-6d1b1cc0c166\" href=\"https:\/\/www.atkar.hu\/wp-content\/uploads\/ertektar_2019.pdf\">\u00e9rt\u00e9kt\u00e1r_2019<\/a><a href=\"https:\/\/www.atkar.hu\/wp-content\/uploads\/ertektar_2019.pdf\" class=\"wp-block-file__button wp-element-button\" download aria-describedby=\"wp-block-file--media-39f39686-db7f-46e5-afbb-6d1b1cc0c166\">Let\u00f6lt\u00e9s<\/a><\/div>\n\n\n\n<div data-wp-interactive=\"core\/file\" class=\"wp-block-file\"><object data-wp-bind--hidden=\"!state.hasPdfPreview\" hidden class=\"wp-block-file__embed\" data=\"https:\/\/www.atkar.hu\/wp-content\/uploads\/Az-Atkari-Nyugdijas-es-Hagyomanyorzo-Egyesulet_onkorm.pdf\" type=\"application\/pdf\" style=\"width:100%;height:600px\" aria-label=\"Az Atk\u00e1ri Nyugd\u00edjas \u00e9s Hagyom\u00e1ny\u0151rz\u0151 Egyes\u00fclet_\u00f6nkorm be\u00e1gyaz\u00e1sa\"><\/object><a id=\"wp-block-file--media-6103a51b-957f-4e20-ab68-51688a50cf42\" href=\"https:\/\/www.atkar.hu\/wp-content\/uploads\/Az-Atkari-Nyugdijas-es-Hagyomanyorzo-Egyesulet_onkorm.pdf\">Az Atk\u00e1ri Nyugd\u00edjas \u00e9s Hagyom\u00e1ny\u0151rz\u0151 Egyes\u00fclet_\u00f6nkorm<\/a><a href=\"https:\/\/www.atkar.hu\/wp-content\/uploads\/Az-Atkari-Nyugdijas-es-Hagyomanyorzo-Egyesulet_onkorm.pdf\" class=\"wp-block-file__button wp-element-button\" download aria-describedby=\"wp-block-file--media-6103a51b-957f-4e20-ab68-51688a50cf42\">Let\u00f6lt\u00e9s<\/a><\/div>\n\n\n\n<div data-wp-interactive=\"core\/file\" class=\"wp-block-file\"><object data-wp-bind--hidden=\"!state.hasPdfPreview\" hidden class=\"wp-block-file__embed\" data=\"https:\/\/www.atkar.hu\/wp-content\/uploads\/Alapszabaly_201608.pdf\" type=\"application\/pdf\" style=\"width:100%;height:600px\" aria-label=\"Alapszabaly_201608 be\u00e1gyaz\u00e1sa\"><\/object><a id=\"wp-block-file--media-d0a51af6-7ebf-4977-bb84-e0e41adb3989\" href=\"https:\/\/www.atkar.hu\/wp-content\/uploads\/Alapszabaly_201608.pdf\">Alapszabaly_201608<\/a><a href=\"https:\/\/www.atkar.hu\/wp-content\/uploads\/Alapszabaly_201608.pdf\" class=\"wp-block-file__button wp-element-button\" download aria-describedby=\"wp-block-file--media-d0a51af6-7ebf-4977-bb84-e0e41adb3989\">Let\u00f6lt\u00e9s<\/a><\/div>\n","protected":false},"excerpt":{"rendered":"","protected":false},"author":1,"featured_media":0,"parent":22,"menu_order":0,"comment_status":"closed","ping_status":"open","template":"","meta":{"footnotes":""},"class_list":["post-59","page","type-page","status-publish","hentry"],"_links":{"self":[{"href":"https:\/\/www.atkar.hu\/index.php?rest_route=\/wp\/v2\/pages\/59","targetHints":{"allow":["GET"]}}],"collection":[{"href":"https:\/\/www.atkar.hu\/index.php?rest_route=\/wp\/v2\/pages"}],"about":[{"href":"https:\/\/www.atkar.hu\/index.php?rest_route=\/wp\/v2\/types\/page"}],"author":[{"embeddable":true,"href":"https:\/\/www.atkar.hu\/index.php?rest_route=\/wp\/v2\/users\/1"}],"replies":[{"embeddable":true,"href":"https:\/\/www.atkar.hu\/index.php?rest_route=%2Fwp%2Fv2%2Fcomments&post=59"}],"version-history":[{"count":5,"href":"https:\/\/www.atkar.hu\/index.php?rest_route=\/wp\/v2\/pages\/59\/revisions"}],"predecessor-version":[{"id":1030,"href":"https:\/\/www.atkar.hu\/index.php?rest_route=\/wp\/v2\/pages\/59\/revisions\/1030"}],"up":[{"embeddable":true,"href":"https:\/\/www.atkar.hu\/index.php?rest_route=\/wp\/v2\/pages\/22"}],"wp:attachment":[{"href":"https:\/\/www.atkar.hu\/index.php?rest_route=%2Fwp%2Fv2%2Fmedia&parent=59"}],"curies":[{"name":"wp","href":"https:\/\/api.w.org\/{rel}","templated":true}]}}