{"id":624,"date":"2019-02-25T13:49:39","date_gmt":"2019-02-25T13:49:39","guid":{"rendered":"http:\/\/www.atkar.hu\/?page_id=624"},"modified":"2023-04-04T11:04:40","modified_gmt":"2023-04-04T11:04:40","slug":"vedonoi-szolgalat","status":"publish","type":"page","link":"https:\/\/www.atkar.hu\/?page_id=624","title":{"rendered":"V\u00e9d\u0151n\u0151i szolg\u00e1lat"},"content":{"rendered":"\n<p>V\u00e9d\u0151n\u0151: Kelecsendi Judit <br>3213 Atk\u00e1r, F\u0151 \u00fat 87.<br>Mobil: + 36 30\u00a0874-0123<br>e-mail: <a href=\"mailto:atkar.vedono@gmail.com\">atkar.vedono@gmail.com<\/a><\/p>\n","protected":false},"excerpt":{"rendered":"<p>V\u00e9d\u0151n\u0151: Kelecsendi Judit 3213 Atk\u00e1r, F\u0151 \u00fat 87.Mobil: + 36 30\u00a0874-0123e-mail: atkar.vedono@gmail.com<\/p>\n","protected":false},"author":1,"featured_media":0,"parent":614,"menu_order":4,"comment_status":"closed","ping_status":"closed","template":"","meta":{"footnotes":""},"class_list":["post-624","page","type-page","status-publish","hentry"],"_links":{"self":[{"href":"https:\/\/www.atkar.hu\/index.php?rest_route=\/wp\/v2\/pages\/624","targetHints":{"allow":["GET"]}}],"collection":[{"href":"https:\/\/www.atkar.hu\/index.php?rest_route=\/wp\/v2\/pages"}],"about":[{"href":"https:\/\/www.atkar.hu\/index.php?rest_route=\/wp\/v2\/types\/page"}],"author":[{"embeddable":true,"href":"https:\/\/www.atkar.hu\/index.php?rest_route=\/wp\/v2\/users\/1"}],"replies":[{"embeddable":true,"href":"https:\/\/www.atkar.hu\/index.php?rest_route=%2Fwp%2Fv2%2Fcomments&post=624"}],"version-history":[{"count":3,"href":"https:\/\/www.atkar.hu\/index.php?rest_route=\/wp\/v2\/pages\/624\/revisions"}],"predecessor-version":[{"id":872,"href":"https:\/\/www.atkar.hu\/index.php?rest_route=\/wp\/v2\/pages\/624\/revisions\/872"}],"up":[{"embeddable":true,"href":"https:\/\/www.atkar.hu\/index.php?rest_route=\/wp\/v2\/pages\/614"}],"wp:attachment":[{"href":"https:\/\/www.atkar.hu\/index.php?rest_route=%2Fwp%2Fv2%2Fmedia&parent=624"}],"curies":[{"name":"wp","href":"https:\/\/api.w.org\/{rel}","templated":true}]}}